Let i(u) = u**2 - 3*u - 3. Calculate i(5).
7
Let a(u) = u - 7. What is a(-4)?
-11
Let x(j) = 6*j + 27. What is x(-7)?
-15
Let b(m) = -m**2 + 13*m - 27. What is b(11)?
-5
Let r(h) = -h**3 - 14*h**2 - h - 4. Determine r(-14).
10
Let c(p) = p**2 + 36*p + 73. Determine c(-2).
5
Let l(r) = -2*r**2 - 29*r - 91. What is l(-3)?
-22
Let s(r) = r + 5. Determine s(-8).
-3
Let m(t) = -t**3 - 11*t**2 - 3*t + 10. What is m(-11)?
43
Let c(w) = w**2 - 5*w + 1. What is c(5)?
1
Let b(q) = 21*q**2 + 2*q + 2. Calculate b(-1).
21
Let v(x) = -10*x - 109. Give v(-8).
-29
Let b(u) = -2*u**3 + 3*u + 1. Give b(-2).
11
Let v(x) = -29*x - 2. Calculate v(1).
-31
Let y(o) = o**2 - 18*o + 5. What is y(18)?
5
Let m(q) = -q - 3. Determine m(-6).
3
Let o(q) = q - 4. Give o(-3).
-7
Let z(a) = 6*a**2 - 65*a - 9. Give z(11).
2
Let d(y) = -y**2 - 6*y + 97. Determine d(-14).
-15
Let l(i) = -2*i**3 + 13*i**2 + 12*i - 11. Give l(7).
24
Let b(r) = 94*r + 561. Determine b(-6).
-3
Let a(g) = g**3 + 6*g**2 - 10*g + 12. Give a(-8).
-36
Let c(b) = 10*b**3 - b**2 + b + 1. Determine c(-1).
-11
Let q(o) = -2*o**2 - 8*o + 41. Determine q(-7).
-1
Let s(n) = 22*n**2 + n. Determine s(-1).
21
Let l(v) = -v**3 + 16*v**2 - 17*v + 37. Calculate l(15).
7
Let c(z) = 4*z**2 - z - 4. What is c(3)?
29
Let k(t) = t**2 + 20*t + 11. Give k(-20).
11
Let y(w) = w**3 - 5*w**2 - 2*w + 3. Determine y(5).
-7
Let t(m) = -m**2 - 3*m - 6. Determine t(-4).
-10
Let c(j) = -j**2 + 16*j - 90. Calculate c(6).
-30
Let k(c) = c - 2. Determine k(1).
-1
Let n(j) = -50*j + 692. Determine n(14).
-8
Let v(w) = -w**3 + 20*w**2 - 37*w + 18. Determine v(18).
0
Let h(n) = n**2 - 13*n + 15. Determine h(11).
-7
Let p(w) = -w**2 - 15*w - 8. Give p(-6).
46
Let u(b) = b**3 + 3*b**2 - b - 4. What is u(-3)?
-1
Let z(l) = l**2 - 7*l - 3. Calculate z(-5).
57
Let s(y) = -y**2 + 20*y - 35. Determine s(18).
1
Let x(s) = -16*s - 34. Give x(-2).
-2
Let p(s) = 8*s + 10. Determine p(-3).
-14
Let j(i) = -19*i - 883. What is j(-46)?
-9
Let l(o) = -o**3 - 23*o**2 + 23*o + 20. Give l(-24).
44
Let i(x) = -x**3 - 10*x**2 - 26*x - 15. What is i(-6)?
-3
Let k(d) = -4*d - 22. Determine k(-8).
10
Let j(w) = 13*w + 149. Give j(-12).
-7
Let y(p) = p**3 + 6*p**2 - 11*p - 6. What is y(-8)?
-46
Let d(q) = -2*q**3 - 4*q**2 + 8*q - 6. Give d(2).
-22
Let u(x) = -x**2 + 2*x + 5. Give u(7).
-30
Let x(w) = 18*w - 41. Determine x(3).
13
Let r(y) = y**3 + y**2 + y + 1. Calculate r(0).
1
Let u(b) = b**2 + 3*b - 7. Calculate u(5).
33
Let s(a) = 4*a - 41. What is s(11)?
3
Let t(m) = 41*m + 19. Calculate t(3).
142
Let m(s) = -s - 6. Calculate m(-3).
-3
Let u(z) = 5*z + 9. What is u(-5)?
-16
Let x(d) = d**3 - 10*d**2 + 3*d - 23. Give x(11).
131
Let d(m) = m**3 - 5*m**2 - 8*m - 3. Determine d(6).
-15
Let x(w) = w**2 + 10*w + 24. What is x(-6)?
0
Let t(u) = -13*u - 10. Determine t(-2).
16
Let c(f) = -3*f + 1. Determine c(-9).
28
Let j(q) = q**3 + 14*q**2 - q - 20. Determine j(-14).
-6
Let q(n) = -n**3 - n**2 - 2*n + 18. What is q(0)?
18
Let t(c) = 4*c**3 - 2*c**2 + c - 8. Give t(2).
18
Let u(b) = b**2 + 16*b + 48. Give u(-4).
0
Let l(g) = g**3 - 14*g**2 + g - 12. Give l(14).
2
Let z(x) = x - 2. Give z(6).
4
Let n(d) = -2*d**2 - 57*d - 28. Give n(-28).
0
Let z(c) = c**2 + 12*c + 1. What is z(-8)?
-31
Let q(c) = c**3 - 8*c**2 + 19*c - 2. Determine q(6).
40
Let x(i) = -i**2 - 3*i + 9. What is x(-5)?
-1
Let w(k) = k**2 + 11*k + 13. What is w(-7)?
-15
Let c(m) = -m**2 + m + 1. What is c(2)?
-1
Let v(u) = u**3 - 8*u**2 - 11*u + 31. Determine v(8).
-57
Let p(w) = w**3 + 8*w**2 - 8*w. Give p(-9).
-9
Let g(v) = -v**2 + 8*v - 1. Determine g(7).
6
Let d(c) = -c**2 + 3*c - 1. Give d(4).
-5
Let w(r) = r**2 + 5*r - 8. Give w(-8).
16
Let g(f) = -f**3 - 3*f**2 + 5*f + 3. Calculate g(-4).
-1
Let t(k) = k**2 + 5. Give t(-4).
21
Let a(y) = -14*y - 3. What is a(3)?
-45
Let x(b) = -b**3 - 21*b**2 + 40*b - 50. Determine x(-23).
88
Let t(i) = i**3 + 7*i**2 - i - 1. Give t(-6).
41
Let o(x) = -2*x**3 + 11*x**2 - 18*x + 7. What is o(3)?
-2
Let v(q) = -q**3 + 5*q**2 - 3*q - 5. Determine v(4).
-1
Let u(z) = -2*z**2 - 31*z - 19. Give u(-15).
-4
Let z(s) = -s**2 - 18*s + 27. What is z(2)?
-13
Let n(q) = -q**3 + 3*q**2 - 5*q + 1. What is n(3)?
-14
Let k(r) = -r**2 - 54*r - 157. Calculate k(-51).
-4
Let p(d) = d**3 + 11*d**2 + 14*d + 12. Determine p(-10).
-28
Let l(j) = 9*j + 9. Calculate l(0).
9
Let x(p) = -2*p**2 - 17*p - 8. Give x(-8).
0
Let q(s) = -s**2 - 7*s - 1. What is q(-7)?
-1
Let x(q) = -q**2 + 14*q - 14. Determine x(13).
-1
Let m(w) = -9*w**2 + 128*w - 4. What is m(14)?
24
Let k(y) = 27*y + 35. Give k(-2).
-19
Let x(o) = -o**2 - 31*o - 52. Determine x(-29).
6
Let i(l) = -l + 9. What is i(5)?
4
Let s(i) = -i**2 - 7*i - 6. What is s(-9)?
-24
Let r(c) = c - 11. Give r(11).
0
Let f(m) = -m**3 + 14*m**2 + 15*m + 14. Determine f(15).
14
Let r(p) = p**3 + 15*p**2 + 29*p + 21. Calculate r(-13).
-18
Let t(l) = -l + 7. Calculate t(-3).
10
Let k(l) = l**2 - 4. Determine k(0).
-4
Let a(z) = z**2 + 17. Calculate a(-6).
53
Let x(m) = -4*m + 14. Calculate x(13).
-38
Let t(m) = 33*m - 49. What is t(2)?
17
Let w(k) = -2*k - 46. Give w(-17).
-12
Let m(p) = -p**3 - 10*p**2 + 12*p - 18. What is m(-11)?
-29
Let x(u) = -2*u - 10. Give x(6).
-22
Let t(s) = -s**3 + 6*s**2 + 4*s - 3. Give t(5).
42
Let o(l) = l**2 + 11*l + 6. Calculate o(-12).
18
Let k(x) = x**3 - 9*x**2 - 17*x + 9. Calculate k(9).
-144
Let d(c) = -c**2 + 5*c - 3. What is d(7)?
-17
Let c(x) = x**3 - x**2 - 3*x - 2. Determine c(3).
7
Let c(i) = i**3 + 3*i**2 + 5*i + 5. What is c(-3)?
-10
Let r(c) = -3*c**3. What is r(1)?
-3
Let t(l) = 2*l + 6. What is t(6)?
18
Let o(t) = -t + 8. Calculate o(-6).
14
Let j(f) = -f - 14. Calculate j(-6).
-8
Let l(i) = 3*i - 43. Calculate l(13).
-4
Let f(a) = a**3 + 13*a**2 + 38*a + 25. Determine f(-9).
7
Let y(o) = 3*o**3 + 10*o**2 + 7*o + 14. Determine y(-4).
-46
Let u(j) = 12*j - 18. Calculate u(6).
54
Let d(g) = -g**2 - 8*g - 5. What is d(-7)?
2
Let i(l) = l**2 - 11*l - 11. What is i(9)?
-29
Let u(a) = -a**2 + 14*a - 51. Calculate u(5).
-6
Let b(p) = -17*p**2 - 2*p - 1. Calculate b(-1).
-16
Let w(r) = 25*r - 189. Determine w(9).
36
Let q(a) = -3*a + 12. What is q(5)?
-3
Let s(v) = -4*v + 112. Calculate s(20).
32
Let s(t) = -24*t + 2. Calculate s(4).
-94
Let c(g) = 2*g - 7. Calculate c(-6).
-19
Let o(i) = -i**3 + 9*i**2 - i - 12. Calculate o(9).
-21
Let o(g) = 2*g**2 + 23*g + 53. Determine o(-8).
-3
Let u(k) = -k**2 + 78*k - 846. Give u(13).
-1
Let b(c) = 206*c + 621. Determine b(-3).
3
Let b(j) = j**3 - 5*j**2 + j - 2. Calculate b(5).
3
Let l(n) = -n - 11. What is l(-13)?
2
Let v(x) = x**2 + 7*x - 8. What is v(-10)?
22
Let v(n) = 4*n + 23. Calculate v(-5).
3
Let p(s) = -12*s**2 - 2*s + 1. What is p(2)?
-51
Let t(r) = -14*r + 24. Calculate t(2).
-4
Let p(t) = 2*t**3 + 20*t**2 - 18*t + 46. Calculate p(-11).
2
Let g(y) = -y**3 - 11*y**2 + 15*y + 4. Calculate g(-12).
-32
Let z(r) = 2*r**3 - 8*r**2 + 3*r - 10. Calculate z(4).
2
Let w(u) = 2*u**2 - 11*u - 3. What is w(5)?
-8
Let j(y) = 3*y + 59. Determine j(-8).
35
Let o(g) = g**3 + 6*g**2 - 7*g + 9. Give o(-7).
9
Let q(f) = f**3 + 16*f**2 + 16*f - 5. What is q(-15)?
-20
Let b(h) = -h - 13. Determine b(-8).
-5
Let i(o) = o**3 - 3*o**2 + 2*o + 1. What is i(3)?
7
Let h(t) = -t + 12. Give h(7).
5
Let u(x) = 4*x - 9. What is u(3)?
3
Let j(w) = w**2 + 16*w + 2. What is j(-15)?
-13
Let q(p) = -p + 6. Give q(9).
-3
Let t(x) = 7*x - 3. Determine t(-3).
-24
Let z(c) = 10*c - 10. Give z(1).
0
Let h(o) = o**2 + 2. What is h(-3)?
11
Let z(b) = b**3 - 7*b**2 + 4*b + 11. What is z(6)?
-1
Let w(m) = m**2 - 12*m + 26. What is w(8)?
-6
Let g(c) = -3*c**2 + 68*c + 24. Calculate g(23).
1
Let w(x) = -x. Determine w(-18).
18
Let q(x) = x**3 - 12*x**2 + 40*x - 14. What is q(7)?
21
Let q(u) = -7*u - 16. Calculate q(-6).
26
Let l(s) = s**3 + 15*s**2 - 2*s - 36. Give l(-15).
-6
Let s(l) = l**3 - 18*l**2 + 21*l - 62. Determine s(17).
6
Let w(o) = 19*o + 169. What is w(-9)?
-2
Let l(s) = 2*s**2 - 57*s + 83. Determine l(26).
-47
Let g(l) = -18*l - 13. Give g(-3).
41
Let o(q) = -q**2 - 6*q + 14. What is o(-8)?
-2
Let d(z) = 2*z**3 + 133*z**2 + 192*z - 195. Determine d(-65).
0
Let z(x) = -2*x**2 - 2*x - 4. Calculate z(4).
-44
Let j(s) = -4*s**2 + 49*s - 20. What is j(11)?
35
Let s(j) = -j - 10. What is s(